{"id":80,"date":"2017-11-07T13:21:24","date_gmt":"2017-11-07T12:21:24","guid":{"rendered":"http:\/\/localhost\/wordpress\/townpress-content\/?page_id=80"},"modified":"2020-02-10T11:30:36","modified_gmt":"2020-02-10T10:30:36","slug":"vision","status":"publish","type":"page","link":"https:\/\/vision.entitygroup.org\/secretzone\/","title":{"rendered":"Benvenuto su Vision"},"content":{"rendered":"<p class=\"p1\">\n            <section class=\"lsvr-townpress-posts\"\n                >\n                <div class=\"c-content-box lsvr-townpress-posts__inner\">\n\n                                            <i class=\"lsvr-townpress-posts__icon icon-info-circle\"\n                            aria-hidden=\"true\"><\/i>\n                    \n                    \n                        <header class=\"lsvr-townpress-posts__header\">\n                            <h2 class=\"lsvr-townpress-posts__title lsvr-townpress-posts__title--has-icon\">\n\n                                                                    <i class=\"lsvr-townpress-posts__title-icon icon-info-circle\"\n                                        aria-hidden=\"true\"><\/i>\n                                \n                                \n                                    <a href=\"https:\/\/vision.entitygroup.org\/secretzone\/category\/vision\/\"\n                                        class=\"lsvr-townpress-posts__title-link\">\n\n                                \n                                    Aggiornamenti\n                                <\/a>\n\n                            <\/h2>\n                        <\/header>\n\n                    \n                    <div class=\"lsvr-townpress-posts__content\">\n\n                        \n                            <ul class=\"lsvr-townpress-posts__list\">\n\n                                \n                                    \n                                        <li class=\"lsvr-townpress-posts__item lsvr-townpress-posts__item--featured\">\n\n                                            <article class=\"lsvr-townpress-posts__post post-1 post type-post status-publish format-standard hentry category-vision tag-archivio tag-banca tag-confederazione tag-dati tag-federazione tag-federazioni tag-libera tag-libertaria tag-nazione tag-stato tag-vision\">\n                                                <div class=\"lsvr-townpress-posts__post-inner\">\n\n                                                    <header class=\"lsvr-townpress-posts__post-header\">\n\n                                                        \n                                                        <h3 class=\"lsvr-townpress-posts__post-title\">\n                                                            <a href=\"https:\/\/vision.entitygroup.org\/secretzone\/entra-a-far-parte-di-vision\/\" class=\"lsvr-townpress-posts__post-title-link\" rel=\"bookmark\">\n                                                                Entra a far parte di Vision                                                            <\/a>\n                                                        <\/h3>\n\n                                                        <p class=\"lsvr-townpress-posts__post-meta\">\n\n                                                            <span class=\"lsvr-townpress-posts__post-meta-date\" role=\"group\">\n                                                                20 Novembre 2019                                                            <\/span>\n\n                                                            <span class=\"lsvr-townpress-posts__post-meta-categories\" role=\"group\">\n                                                                \n\t\t\t<span class=\"post__terms\">\n\t\t\t\tin <a href=\"https:\/\/vision.entitygroup.org\/secretzone\/category\/vision\/\" class=\"post__term-link\">Vision<\/a>\t\t\t<\/span>\n\n\t\t                                                            <\/span>\n\n                                                        <\/p>\n\n                                                    <\/header>\n\n                                                    <div class=\"lsvr-townpress-posts__post-content\">\n\n                                                        \n                                                            <!-- wp:paragraph -->\r\n<h2 style=\"text-align: center;\"><em>Entra a far parte di Vision<\/em><\/h2>\r\n<p>Benvenuto in VISION cuore del progetto ENTITYGROUP, registrati se non lo hai ancora fatto (in altro a destra)\u00a0 o gestisci il tuo profilo se sei gi\u00e0 iscritto.<\/p>\r\n<p>Entrando nella nostra federazione avrai a tua disposizione molti servizi utili per il tuo tempo libero ed il tuo lavoro.<\/p>\r\n<h4><a href=\"https:\/\/alphacoins.entitygroup.org\" target=\"_blank\" rel=\"noopener\">Gestione punti e Community<\/a><\/h4>\r\n<p>Potrai comodamente accedere alla nostra community ed alla gestione dei tuoi punti.<\/p>\r\n<p>Questo progetto consiste nello sviluppo di un'applicazione che offre funzionalit\u00e0 di registrazione per gli utenti e la possibilit\u00e0 di scambiare token all'interno della community. L'applicazione avr\u00e0 anche la possibilit\u00e0 di essere personalizzata per diverse categorie, ad esempio musei, per offrire un'esperienza personalizzata agli utenti.<\/p>\r\n<p>Per quanto riguarda la registrazione, gli utenti dovranno fornire informazioni personali come nome, indirizzo email e password per creare un account. La sicurezza dei dati dell'utente sar\u00e0 garantita attraverso l'utilizzo di tecnologie crittografiche all'avanguardia per proteggere le informazioni sensibili.<\/p>\r\n<p>Per quanto riguarda lo scambio di token, gli utenti potranno acquistare e scambiare token con altri utenti all'interno della community. Questi token potranno essere utilizzati per accedere a funzionalit\u00e0 premium dell'applicazione o per acquistare prodotti o servizi da altri utenti all'interno della community.<\/p>\r\n<p>Per quanto riguarda la personalizzazione, l'applicazione avr\u00e0 la possibilit\u00e0 di essere configurata per diverse categorie, come ad esempio musei, per offrire un'esperienza personalizzata agli utenti. Ad esempio, in una versione personalizzata per musei, l'applicazione potrebbe offrire informazioni su mostre, eventi e attivit\u00e0 all'interno dei musei, oltre a consentire agli utenti di acquistare biglietti o prenotare visite guidate.<\/p>\r\n<p>In sintesi, questo progetto mira a creare un'applicazione intuitiva e personalizzabile che offra agli utenti la possibilit\u00e0 di registrarsi, scambiare token e personalizzare l'esperienza per diverse categorie.<\/p>\r\n<h4><a href=\"https:\/\/italyhomes.net\/\" target=\"_blank\" rel=\"noopener\">Immobili affitti\/vendite<\/a><\/h4>\r\n<p>Vuoi gestire il tuo immobile, venderlo, affittarlo o permutarlo\u00a0 in modo semplice e gratuito, qui con noi puoi farlo.<\/p>\r\n<h4><a href=\"https:\/\/merkatino.entitygroup.org\/\" target=\"_blank\" rel=\"noopener\">Merkatino<\/a><\/h4>\r\n<p>Hai oggetti che non ti servono pi\u00f9, da noi puoi venderli o scambiarli cos\u00ec da rendere ancora utili a qualcuno le cose che non ti servono pi\u00f9.<\/p>\r\n<h4><a href=\"https:\/\/prodottitipici.entitygroup.org\/\" target=\"_blank\" rel=\"noopener\">Prodotti tipici e artigianato<\/a><\/h4>\r\n<p>Vetrina per la tua attivita.<\/p>\r\n<p>&nbsp;<\/p>\r\n<p>&nbsp;<\/p>\r\n<p>&nbsp;<\/p>\r\n<p>&nbsp;<\/p>\r\n<h6 style=\"text-align: center;\">IDEA\u00a0 \u2013\u00a0<a href=\"http:\/\/www.alphacoins.org\/\" target=\"_blank\" rel=\"noopener noreferrer\">MONETA<\/a> \u2013\u00a0RIFLESSIONI \u2013 <a href=\"https:\/\/www.entitygroup.org\/spostarsi-nel-mondo\/\" target=\"_blank\" rel=\"noopener\">DOVE VIVERE<\/a> \u2013 <a href=\"http:\/\/www.italyhomes.net\" target=\"_blank\" rel=\"noopener\">IMMOBILI<\/a> \u2013 <a href=\"https:\/\/vision.entitygroup.org\/\" target=\"_blank\" rel=\"noopener noreferrer\">VISION<\/a><\/h6>\r\n<!-- \/wp:paragraph -->\n                                                        \n                                                    <\/div>\n\n                                                <\/div>\n                                            <\/article>\n\n                                        <\/li>\n\n                                    \n                                \n                            <\/ul>\n\n                        \n                    <\/div>\n\n                    \n                        <footer class=\"lsvr-townpress-posts__footer\">\n\n                            <p class=\"lsvr-townpress-posts__more\">\n\n                                \n                                    <a href=\"https:\/\/vision.entitygroup.org\/secretzone\/category\/vision\/\"\n                                        class=\"lsvr-townpress-posts__more-link\">Leggi tutto<\/a>\n\n                                \n                            <\/p>\n\n                        <\/footer>\n\n                    \n                <\/div>\n            <\/section>\n\n            \n","protected":false},"excerpt":{"rendered":"","protected":false},"author":1,"featured_media":0,"parent":0,"menu_order":0,"comment_status":"closed","ping_status":"closed","template":"page-templates\/not-boxed.php","meta":[],"yoast_head":"<!-- This site is optimized with the Yoast SEO plugin v15.6.2 - https:\/\/yoast.com\/wordpress\/plugins\/seo\/ -->\n<title>Benvenuto su Vision - Vision<\/title>\n<meta name=\"robots\" content=\"index, follow, max-snippet:-1, max-image-preview:large, max-video-preview:-1\" \/>\n<link rel=\"canonical\" href=\"https:\/\/vision.entitygroup.org\/secretzone\/\" \/>\n<meta property=\"og:locale\" content=\"it_IT\" \/>\n<meta property=\"og:type\" content=\"article\" \/>\n<meta property=\"og:title\" content=\"Benvenuto su Vision - Vision\" \/>\n<meta property=\"og:url\" content=\"https:\/\/vision.entitygroup.org\/secretzone\/\" \/>\n<meta property=\"og:site_name\" content=\"Vision\" \/>\n<meta property=\"article:modified_time\" content=\"2020-02-10T10:30:36+00:00\" \/>\n<meta name=\"twitter:card\" content=\"summary_large_image\" \/>\n<script type=\"application\/ld+json\" class=\"yoast-schema-graph\">{\"@context\":\"https:\/\/schema.org\",\"@graph\":[{\"@type\":\"WebSite\",\"@id\":\"https:\/\/vision.entitygroup.org\/secretzone\/#website\",\"url\":\"https:\/\/vision.entitygroup.org\/secretzone\/\",\"name\":\"Vision\",\"description\":\"\",\"potentialAction\":[{\"@type\":\"SearchAction\",\"target\":\"https:\/\/vision.entitygroup.org\/secretzone\/?s={search_term_string}\",\"query-input\":\"required name=search_term_string\"}],\"inLanguage\":\"it-IT\"},{\"@type\":\"WebPage\",\"@id\":\"https:\/\/vision.entitygroup.org\/secretzone\/#webpage\",\"url\":\"https:\/\/vision.entitygroup.org\/secretzone\/\",\"name\":\"Benvenuto su Vision - Vision\",\"isPartOf\":{\"@id\":\"https:\/\/vision.entitygroup.org\/secretzone\/#website\"},\"datePublished\":\"2017-11-07T12:21:24+00:00\",\"dateModified\":\"2020-02-10T10:30:36+00:00\",\"inLanguage\":\"it-IT\",\"potentialAction\":[{\"@type\":\"ReadAction\",\"target\":[\"https:\/\/vision.entitygroup.org\/secretzone\/\"]}]}]}<\/script>\n<!-- \/ Yoast SEO plugin. -->","_links":{"self":[{"href":"https:\/\/vision.entitygroup.org\/secretzone\/wp-json\/wp\/v2\/pages\/80"}],"collection":[{"href":"https:\/\/vision.entitygroup.org\/secretzone\/wp-json\/wp\/v2\/pages"}],"about":[{"href":"https:\/\/vision.entitygroup.org\/secretzone\/wp-json\/wp\/v2\/types\/page"}],"author":[{"embeddable":true,"href":"https:\/\/vision.entitygroup.org\/secretzone\/wp-json\/wp\/v2\/users\/1"}],"replies":[{"embeddable":true,"href":"https:\/\/vision.entitygroup.org\/secretzone\/wp-json\/wp\/v2\/comments?post=80"}],"version-history":[{"count":27,"href":"https:\/\/vision.entitygroup.org\/secretzone\/wp-json\/wp\/v2\/pages\/80\/revisions"}],"predecessor-version":[{"id":667,"href":"https:\/\/vision.entitygroup.org\/secretzone\/wp-json\/wp\/v2\/pages\/80\/revisions\/667"}],"wp:attachment":[{"href":"https:\/\/vision.entitygroup.org\/secretzone\/wp-json\/wp\/v2\/media?parent=80"}],"curies":[{"name":"wp","href":"https:\/\/api.w.org\/{rel}","templated":true}]}}